*y = -895. Suppose 0 = -4*v - 2*l + h, -2*v + 4*l = v - 154. What is the units digit of v?
6
Suppose 6*f - 29 = a + 10*f, -4*a = -f + 150. Let b = -14 - a. Let y(p) = 10*p - 78. What is the units digit of y(b)?
2
Let g(r) = 12*r - 69. Let m be g(7). Suppose m*b - 22*b + 1239 = 0. What is the hundreds digit of b?
1
Let b = 180 - 320. Let h = b + 517. What is the units digit of h?
7
Suppose 20321 = j + t, 0 = -955*j + 952*j - 4*t + 60968. What is the hundreds digit of j?
3
Suppose 0 = -3*j + 2*z + 39861, 20*j - 2*z = 16*j + 53152. What is the thousands digit of j?
3
Let k = 29488 + -213. What is the thousands digit of k?
9
Suppose -7*z = -z - 18. Suppose z*i - 355 = 2*i + 3*y, 0 = -3*i - y + 1055. What is the hundreds digit of i?
3
Suppose 3*x - 5*q - 25 = 0, 12*x - 15*x - 20 = 4*q. Suppose x = -22*r + 4212 + 958. What is the tens digit of r?
3
Let x be 4/48*4*3 + 874. Suppose -3*u - x = -2*o, -3*o + 8*o - 2216 = -2*u. What is the units digit of o?
2
Let m be 42/28 + 7/2. Let o(c) = -c**3 + 11*c**2 + 4*c + 1. Let k be o(m). Suppose -8*j + k + 173 = 0. What is the units digit of j?
3
Let o(y) = -6 - 22*y + 20*y + 8*y. Let s be o(12). Suppose 5*q = 129 + s. What is the tens digit of q?
3
Let q be -10*(-5 + 84/20). Let f be -2 - (-2 + 10)*-1. Suppose f*j - q*j = -130. What is the units digit of j?
5
Suppose 0 = 3*z + 59 - 17. Let b = z + 31. Let k = b + 21. What is the units digit of k?
8
What is the units digit of 23/391 + (-82956)/(-68)?
0
Let a(v) = -3*v - 8. Let s be a(-4). Suppose s*q + m = 18, 4*m - 3 = 5*q - 36. Suppose 8*r - 513 = q*r. What is the tens digit of r?
7
Let c(g) = g**2 + 5*g - 45. Let k be c(-13). Suppose -k - 401 = -p. What is the units digit of p?
0
Let t = -267 - -270. What is the units digit of (-4902)/72*-3 + t/(-12)?
4
Let f(u) = -29*u - 9. Let j(b) = b**2 - 22*b + 20. Let o be j(21). What is the units digit of f(o)?
0
Suppose 2*u = -2*j + 12, 2*j + 16 = 6*j. Let h(g) = -g**2 + 11*g - 2*g**u + 3 - 12 + 5*g**2. What is the tens digit of h(-9)?
5
Let n = -10573 + 16521. What is the hundreds digit of n?
9
Suppose 50243 = 3*k + 4*i, 6*k - 2*k - 3*i - 67024 = 0. Suppose -85*s + 74*s = -k. What is the hundreds digit of s?
5
Let z(p) = 0*p + 59*p**3 - 20*p - 14*p - 58*p**3 - 12*p**2 + 3. What is the tens digit of z(16)?
8
Let h(u) = -3*u - 5. Suppose -5*r = -b - b + 13, r = 4*b - 17. Let v be h(r). What is the tens digit of 121*3/(v + 5)?
2
Let y(o) = 516*o - 8429. What is the hundreds digit of y(98)?
1
Suppose 5*c + 4632 = 7*c. Suppose -13*v = -1753 - c. Suppose -8*y + v = -167. What is the tens digit of y?
6
Let i be 1938/(-357) - 3/(-7). Let x(r) = 19*r**2 - 3*r + 13. What is the hundreds digit of x(i)?
5
Let m(p) = 12031*p + 5012. What is the tens digit of m(4)?
3
Let z be 2*((-4 - -6) + 0). What is the hundreds digit of 28107/108*z/3?
3
Suppose 15*b + 52 = 41*b. Suppose -y + 445 = 2*m - 4*y, 219 = m + b*y. What is the tens digit of m?
2
Let w(r) = 37*r**2 + 3*r + 52. Let s be w(-7). Suppose -3*c + 1856 = -6*z + 4*z, 3*c + z - s = 0. What is the tens digit of c?
1
Suppose -4068*n + 4011*n = -138758 - 52591. What is the thousands digit of n?
3
Suppose 13*a - 33*a = -80. Suppose -12 - 4 = -4*r, 4*r = a*b - 1436. What is the hundreds digit of b?
3
Suppose 2*w + 51 - 57 = 0. Suppose q - 2*q + 88 = 3*u, w*q + 55 = 2*u. What is the units digit of u?
9
Let f = 3996 - 560. Let z = 5063 - f. What is the tens digit of z?
2
Let r(m) = m**2 - 40*m + 27. Let y be r(39). What is the tens digit of 2994/(-99)*y + (-16)/(-176)?
6
Suppose -5*w + 6*w + 198 = 0. Let p = 486 + w. Suppose 5*i - 360 = -3*q, -6*i + 2*i = 2*q - p. What is the tens digit of i?
7
Suppose 302840 = 71*r + 97718 - 570766. What is the tens digit of r?
2
Let u(p) = p**2 - 10*p + 25. Let i be u(18). Let v(z) = 321 - i - 162 + 6*z. What is the hundreds digit of v(26)?
1
Suppose 32*o = 27*o. Suppose -5*j + 9 + 6 = 0. Suppose o = -j*n - 107 + 254. What is the units digit of n?
9
Suppose -3*o = 5*b - 10*b + 323, -3*b = -3. Let f = o - -487. What is the tens digit of f?
8
Let v = -432 + 109. Let b = v - -1025. What is the tens digit of b?
0
What is the thousands digit of (-7)/((3 - 3) + 3) - 1567798/(-174)?
9
Let f(z) = -151*z - 12. What is the hundreds digit of f(-2)?
2
Let t(o) = -1731*o - 2114. What is the ten thousands digit of t(-8)?
1
Let z be 0/((-9)/((-9)/4)). Suppose 282*w - 281*w - 1413 = z. What is the hundreds digit of w?
4
What is the tens digit of (9306 - -72) + (1*-6 - 3)?
6
Let x(n) = -12*n**2 - 2*n. Let d be x(-3). Suppose -96*j - 12763 - 4369 = 3508. Let k = d - j. What is the hundreds digit of k?
1
Suppose 3*y = -19 + 22, -y = 5*m - 126. What is the units digit of (-5958)/(-12) - m/10?
4
Let n(x) = x**2 - x - 3. Let j be n(0). What is the units digit of ((-12)/(-14))/(j + 510/168)?
4
Let t(h) = -6 + h**2 + 14 - 213*h + 60 + 217*h. What is the tens digit of t(10)?
0
Suppose 5*f + 9276 = -5*u + 35201, 5*u + 4*f - 25924 = 0. What is the hundreds digit of u?
1
Let p(j) = 239*j + 1127. What is the thousands digit of p(12)?
3
Suppose -35*k - 2542044 = -23*k - 114*k. What is the ten thousands digit of k?
2
Suppose 698 = -h + 286. Let d = h + 1069. What is the hundreds digit of d?
6
What is the units digit of 4/3*(-1341)/745*(-62230)/4?
8
Suppose 1372 = -2*q - 2*k, 2*q + 86 = 3*k - 1266. Let u = -366 - q. What is the units digit of u?
6
Suppose -97 = 9*w - 691. Suppose -3*r + 63 = w. What is the units digit of 12 - 1 - (0 - (-1 - r))?
1
Let z = 6282 + -5026. What is the thousands digit of z?
1
Suppose -5*d + 5*j = 215, 0 = -5*d + 2*j + 24 - 248. Suppose -2*q + n - 1 = 0, 18 = -5*q + 5*n + 3. Let o = q - d. What is the units digit of o?
8
Suppose 0 = -3*y + m + 11, m - 10 = -4*y - 0. Suppose -4*o - y*o = 0. Suppose o = -b - 0*b + 8. What is the units digit of b?
8
Let c = -5705 + 24377. What is the thousands digit of c?
8
Suppose -3*h + 5774 = 2*i, 3800 = 5*h + i - 5821. Suppose 11*k + h = 6258. What is the units digit of k?
4
Let z = 46298 + -14912. What is the units digit of z?
6
Suppose 0 = 5*c + 5*r - 174920, -11*c + 8*c + 104964 = r. What is the thousands digit of c?
4
Suppose g - 5349 + 418 = 5*k, 3*g + k - 14873 = 0. What is the units digit of g?
6
Let i be 4 + (4 - 2) + 6. Suppose -14*l + 16*l + 2*b = 412, 0 = 4*b - i. What is the tens digit of l?
0
Let i(o) = -120*o + 264. What is the units digit of i(-46)?
4
Let r(k) = k**3 - 5*k**2 - 5*k - 4. Let w be r(6). Suppose 103*u - 20*u = 2988. Suppose w*p + u = 11*p. What is the units digit of p?
4
Suppose -5*h - 25 = 5*a, 10 + 15 = -a - 5*h. Suppose a = -19*z + 11*z + 1160. What is the hundreds digit of z?
1
Let a(s) = -94*s**2 - 3*s. Let c be a(-1). Suppose -o - b - 183 = 0, -4*o + 2*o = -b + 363. Let h = c - o. What is the tens digit of h?
9
Let p(g) be the third derivative of -g**6/120 - 19*g**5/60 - 3*g**4/2 - 12*g**3 - 250*g**2. What is the units digit of p(-18)?
2
Let w(i) = -i**3 - i**2 + i - 1. Let a(l) = -2*l**3 - 7*l**2 - 4*l + 2. Let u(m) = -a(m) + 4*w(m). What is the tens digit of u(-4)?
3
Let b(a) = 658*a**2 - 240*a + 1175. What is the thousands digit of b(5)?
6
Suppose 0 = -14*g + 15*g - 5841. What is the hundreds digit of 1/2 + (g/(-2))/(-11)?
2
Let h(s) = -504*s - 996. What is the tens digit of h(-8)?
3
Let k(t) = 36*t**2 + 2*t - 3. Let o = 53 + -51. What is the hundreds digit of k(o)?
1
Let i be (-25)/(-7) + 432/(-756). Suppose 0*j = -2*s + i*j + 1466, 0 = -j - 4. What is the hundreds digit of s?
7
Let t(m) = 3*m + 1. Let s(q) = -10*q - 2. Let a(g) = 4*s(g) + 11*t(g). Suppose -3*k + 13 = -c, -c = -3*c + 4*k - 22. What is the units digit of a(c)?
2
Let x(l) = -l**2 - 10*l - 12. Let o be x(-8). Suppose -4*s - 2054 = -5*v, 3*s + 1676 = o*v + 8*s. Suppose 0 = -5*j + v - 39. What is the units digit of j?
5
Let d = 564 - 296. Suppose -j = -4*j. Suppose j = -10*y + 8*y + d. What is the units digit of y?
4
What is the units digit of (18 - 15)*(-34172)/54*-9?
6
Let h(i) be the first derivative of 2*i**3/3 - 3*i**2 - 17*i - 8. What is the units digit of h(9)?
1
Let h(o) = 14*o - 21. Let d be h(10). Suppose -5*q + 0*q - d = -c, 4*q - 4 = 0. Let b = 279 - c. What is the tens digit of b?
5
Let a = -75626 - -162283. What is the units digit of a?
7
Let x = 136 + -137. What is the units digit of x + -5 + 321 